{"id":3652,"date":"2018-01-29T14:26:40","date_gmt":"2018-01-29T13:26:40","guid":{"rendered":"http:\/\/visitedemarseille.com\/visite\/?page_id=3652"},"modified":"2018-07-06T15:40:22","modified_gmt":"2018-07-06T13:40:22","slug":"architecture-euromediterranee","status":"publish","type":"page","link":"https:\/\/visitedemarseille.com\/visite\/architecture-euromediterranee\/","title":{"rendered":"10- Eurom\u00e9diterran\u00e9e"},"content":{"rendered":"<h1 class=\"fw-special-title\">Eurom\u00e9diterran\u00e9e <\/h1>\n<p> Visite des nouvelles architectures \u00e0 Marseille<\/p>\n<h2>Eurom\u00e9diterran\u00e9e, un pari sur l&rsquo;avenir ?<\/h2>\n<p>Vous en jugerez par vous-m\u00eames le long de cette promenade qui dessine le nouveau visage de Marseille. Cette visite orient\u00e9e sur les nouvelles architectures \u00e0 Marseille est pour le visiteur une autre mani\u00e8re d&rsquo;aborder cette ville portuaire. Ensemble, nous d\u00e9couvrirons le littoral en pleine mutation et les anciens quartiers industriels reconvertis en business district et lieux de culture. Eurom\u00e9diterran\u00e9e est actuellement le plus grand projet de r\u00e9novation urbaine en Europe.<\/p>\n<h2>Low cost, Easy Tech, et quelques stars\u00a0<\/h2>\n<p>Capitale Europ\u00e9enne de la Culture en 2013, la ville a fait appel aux plus prestigieux architectes et urbanistes de notre \u00e9poque : Norman Foster, Yves Lyon, Kengo Kuma, Zaha Adid, Jean Nouvel&#8230; Avec le projet Eurom\u00e9diterran\u00e9e, Marseille ambitionne de devenir le laboratoire des m\u00e9tropoles M\u00e9diterran\u00e9ennes du futur.<\/p>\n<p>Attention : Certains d\u00e9placements se feront \u00e9galement en tramway.<\/p>\n<p> <a href=\"http:\/\/visitedemarseille.com\/visite\/contact\/\" target=\"_self\" class=\"fw-btn tf-sh-4a1a002974d2f2a31efa2accb9791333 fw-btn-md fw-btn-side-by-side fw-btn-4\" style=\"\"><br \/>\n R\u00e9servez votre visite<br \/>\n <\/a><\/p>\n<h4>Dur\u00e9e<\/h4>\n<p>Entre 3h et 4 h.<\/p>\n<h4>Tarifs<\/h4>\n<p>A partir de 130 EUR (en basse saison, selon le nombre de personnes, individuels ou groupes, etc.)<\/p>\n<p>Les prix sont nets (la TVA n\u2019est pas applicable). Ils n\u2019incluent pas le co\u00fbt de l\u2019entr\u00e9e dans un mus\u00e9e ou une exposition s\u2019il y a lieu, les d\u00e9gustations ou d\u00e9jeuners, les transports ou autres prestations qui pourraient \u00eatre attenantes \u00e0 la visite.<\/p>\n<h4>En circuit<\/h4>\n<p>Si vous avez 1 jour: continuez la d\u00e9couverte de la Ville avec la <a href=\"http:\/\/visitedemarseille.com\/visite\/traversee-de-la-ville\/\" target=\"_blank\" rel=\"noopener\">Belle de Mai<\/a> et la Joliette, 2 quartiers faisant partie du grand projet de r\u00e9novation urbaine Eurom\u00e9diterran\u00e9e.<\/p>\n<p>Si vous avez 2 jours: Prenez le large le lendemain et respirez un grand bol d&rsquo;air aux <a href=\"http:\/\/visitedemarseille.com\/visite\/frioul-matinee-bout-du-monde\/\">\u00eeles du Frioul<\/a> avec votre guide!<\/p>\n<h4>Public<\/h4>\n<p>ParticuliersGroupesVisite accessible <\/p>\n<h4>Les bonnes adresses<\/h4>\n<p><a href=\"https:\/\/www.fragonard.com\/fr\/boutique\/marseille\" target=\"_blank\" rel=\"noopener\">Fragonard<\/a>: La boutique n&rsquo;est certes pas Marseillaise, mais elle est magnifique et permet au visiteur de voyager \u00e0 travers les senteurs et les \u00e9toffes du monde entier.<\/p>\n<p><a href=\"http:\/\/www.dalloyau.fr\/nos-boutiques\/france\/marseille\" target=\"_blank\" rel=\"noopener\">Dalloyau<\/a>: Pour les gourmands, ces p\u00e2tisseries classiques restent une valeur s\u00fbre, avec vue sur la mer!<\/p>\n<p><a href=\"http:\/\/www.marseille.fr\/siteculture\/les-lieux-culturels\/archives-municipales\" target=\"_blank\" rel=\"noopener\">Les archives municipales<\/a>: Dans l&rsquo;ancienne manufacture de tabacs, poussez les portes de la ville. Inscrivez-vous, montez \u00e0 l&rsquo;\u00e9tage o\u00f9 le pr\u00e9sident de salle vous accueillera. Demandez par exemple, le plan de la ville de 1808 par M. D\u00e9marest. Manuscrit, c&rsquo;est un joyau de d\u00e9tails attachants. Amusez-vous \u00e0 rep\u00e9rer ce que vous avez d\u00e9j\u00e0 parcouru!<\/p>\n<p><a href=\"http:\/\/www.lafriche.org\/fr\/cinema-le-gyptis\">Le Gyptis:<\/a> La meilleure salle actuelle de cin\u00e9ma \u00e0 Marseille est le Gyptis, situ\u00e9 \u00e0 La Belle de Mai. Cin\u00e9ma associatif, il propose \u00e0 tous les minots de Marseille des s\u00e9ances \u00e0 2,50 \u20ac toute l&rsquo;ann\u00e9e et un dimanche par mois, une journ\u00e9e enti\u00e8re gratuite pour revoir des grands classiques et des dessins anim\u00e9s. L&rsquo;\u00e9quipement de la salle est r\u00e9cent, jadis c&rsquo;\u00e9tait un th\u00e9\u00e2tre qui a p\u00e9riclit\u00e9. Vous avez des fauteuils pour les couples, et m\u00eame des canap\u00e9s. C&rsquo;est une bonne raison pour aller voir un peu ce qu&rsquo;il se passe dans un quartier moins touristique et tr\u00e8s populaire. C&rsquo;est une exp\u00e9rience en soi. Vous trouverez de quoi vous restaurer dans les rues qui longent le cin\u00e9ma, pour quelques euros.<\/p>\n<p> <a class=\"fw-block-image-child fw-ratio-4-3 fw-ratio-container\" href=\"\/\/visitedemarseille.com\/visite\/wp-content\/uploads\/2018\/03\/IMG_20180320_134557_201.jpg\" data-rel=\"prettyPhoto\" rel=\"prettyPhoto\"><br \/>\n <img decoding=\"async\" src=\"http:\/\/visitedemarseille.com\/visite\/wp-content\/uploads\/2018\/03\/IMG_20180320_134557_201.jpg\" alt=\"Tours d&#039;Eurom\u00e9diterran\u00e9e expliqu\u00e9es lors d&#039;une visite guid\u00e9e\" data-maxdpr=\"1.7\" width=\"300\" class=\"lazyload\" \/> <\/a><br \/>\n <a class=\"fw-block-image-child fw-ratio-4-3 fw-ratio-container\" href=\"\/\/visitedemarseille.com\/visite\/wp-content\/uploads\/2018\/04\/IMG_2396-001.jpg\" data-rel=\"prettyPhoto\" rel=\"prettyPhoto\"><br \/>\n <img decoding=\"async\" src=\"http:\/\/visitedemarseille.com\/visite\/wp-content\/uploads\/2018\/04\/IMG_2396-001.jpg\" alt=\"La guide explique le plan d&#039;Eurom\u00e9diterran\u00e9e \u00e0 ses visiteurs\" data-maxdpr=\"1.7\" width=\"300\" class=\"lazyload\" \/> <\/a><br \/>\n <a class=\"fw-block-image-child fw-ratio-4-3 fw-ratio-container\" href=\"\/\/visitedemarseille.com\/visite\/wp-content\/uploads\/2018\/04\/IMG_9483.jpg\" data-rel=\"prettyPhoto\" rel=\"prettyPhoto\"><br \/>\n <img decoding=\"async\" src=\"http:\/\/visitedemarseille.com\/visite\/wp-content\/uploads\/2018\/04\/IMG_9483.jpg\" alt=\"Visite comment\u00e9e de l&#039;architecture du MuCEM\" data-maxdpr=\"1.7\" width=\"300\" class=\"lazyload\" \/> <\/a><br \/>\n <img decoding=\"async\" src=\"http:\/\/visitedemarseille.com\/visite\/wp-content\/uploads\/2017\/11\/11.png\" alt=\"Comment r\u00e9server votre visite de Marseille ?\" data-maxdpr=\"1.7\" width=\"950\" class=\"lazyload\" \/><br \/>\n <a href=\"http:\/\/visitedemarseille.com\/visite\/contact\/\" target=\"_self\" class=\"fw-btn tf-sh-6de7e91f14df09e3c6161474b55cdcb9 fw-btn-md fw-btn-4\" style=\"\"><br \/>\n > R\u00e9servez votre visite<br \/>\n <\/a><\/p>\n<p style=\"text-align: center;\">Retour vers le<a href=\"http:\/\/visitedemarseille.com\/visite\/nosvisites\/\"> catalogue des visites<\/a>\u00a0ou vers la\u00a0<a href=\"http:\/\/visitedemarseille.com\/visite\/\">page d&rsquo;accueil<\/a><\/p>\n<p><!-- 1509f7bcae18f965828d4d262cb6b50a --><\/p>\n","protected":false},"excerpt":{"rendered":"<p>Eurom\u00e9diterran\u00e9e Visite des nouvelles architectures \u00e0 Marseille Eurom\u00e9diterran\u00e9e, un pari sur l&rsquo;avenir ? Vous en jugerez par vous-m\u00eames le long de cette promenade qui dessine le nouveau visage de Marseille. Cette visite orient\u00e9e sur les nouvelles architectures \u00e0 Marseille est pour le visiteur une autre mani\u00e8re d&rsquo;aborder cette ville portuaire. Ensemble, nous d\u00e9couvrirons le littoral [&hellip;]<\/p>\n","protected":false},"author":1,"featured_media":0,"parent":0,"menu_order":0,"comment_status":"closed","ping_status":"closed","template":"visual-builder-template.php","meta":{"_themeisle_gutenberg_block_has_review":false,"footnotes":""},"class_list":["post-3652","page","type-page","status-publish","hentry"],"yoast_head":"<!-- This site is optimized with the Yoast SEO plugin v24.3 - https:\/\/yoast.com\/wordpress\/plugins\/seo\/ -->\n<title>Visite guid\u00e9e : Eurom\u00e9diterran\u00e9e, laboratoire du futur - Avec Justine Coste<\/title>\n<meta name=\"description\" content=\"Une visite guid\u00e9e g\u00e9n\u00e9raliste sur les nouvelles architectures de Marseille, ville laboratoire M\u00e9diterran\u00e9enne: D\u00e9couvrez le projet Eurom\u00e9diterran\u00e9e : le plus grand projet de r\u00e9novation urbaine en Europe. Norman Foster, Jean Nouvel, Rudy Ricciotti, MuCEM, Frac, Docks, tour CMA-CGM, tour Panorama, etc...\" \/>\n<meta name=\"robots\" content=\"index, follow, max-snippet:-1, max-image-preview:large, max-video-preview:-1\" \/>\n<link rel=\"canonical\" href=\"https:\/\/visitedemarseille.com\/visite\/architecture-euromediterranee\/\" \/>\n<meta property=\"og:locale\" content=\"fr_FR\" \/>\n<meta property=\"og:type\" content=\"article\" \/>\n<meta property=\"og:title\" content=\"Visite guid\u00e9e : Eurom\u00e9diterran\u00e9e, laboratoire du futur - Avec Justine Coste\" \/>\n<meta property=\"og:description\" content=\"Une visite guid\u00e9e g\u00e9n\u00e9raliste sur les nouvelles architectures de Marseille, ville laboratoire M\u00e9diterran\u00e9enne: D\u00e9couvrez le projet Eurom\u00e9diterran\u00e9e : le plus grand projet de r\u00e9novation urbaine en Europe. Norman Foster, Jean Nouvel, Rudy Ricciotti, MuCEM, Frac, Docks, tour CMA-CGM, tour Panorama, etc...\" \/>\n<meta property=\"og:url\" content=\"https:\/\/visitedemarseille.com\/visite\/architecture-euromediterranee\/\" \/>\n<meta property=\"og:site_name\" content=\"Visite de Marseille\" \/>\n<meta property=\"article:publisher\" content=\"https:\/\/www.facebook.com\/Visitedemarseille\/\" \/>\n<meta property=\"article:modified_time\" content=\"2018-07-06T13:40:22+00:00\" \/>\n<meta property=\"og:image\" content=\"http:\/\/visitedemarseille.com\/visite\/wp-content\/uploads\/2018\/03\/IMG_20180320_134557_201.jpg\" \/>\n<meta name=\"twitter:card\" content=\"summary_large_image\" \/>\n<meta name=\"twitter:label1\" content=\"Dur\u00e9e de lecture estim\u00e9e\" \/>\n\t<meta name=\"twitter:data1\" content=\"3 minutes\" \/>\n<script type=\"application\/ld+json\" class=\"yoast-schema-graph\">{\"@context\":\"https:\/\/schema.org\",\"@graph\":[{\"@type\":\"WebPage\",\"@id\":\"https:\/\/visitedemarseille.com\/visite\/architecture-euromediterranee\/\",\"url\":\"https:\/\/visitedemarseille.com\/visite\/architecture-euromediterranee\/\",\"name\":\"Visite guid\u00e9e : Eurom\u00e9diterran\u00e9e, laboratoire du futur - Avec Justine Coste\",\"isPartOf\":{\"@id\":\"https:\/\/visitedemarseille.com\/visite\/#website\"},\"primaryImageOfPage\":{\"@id\":\"https:\/\/visitedemarseille.com\/visite\/architecture-euromediterranee\/#primaryimage\"},\"image\":{\"@id\":\"https:\/\/visitedemarseille.com\/visite\/architecture-euromediterranee\/#primaryimage\"},\"thumbnailUrl\":\"http:\/\/visitedemarseille.com\/visite\/wp-content\/uploads\/2018\/03\/IMG_20180320_134557_201.jpg\",\"datePublished\":\"2018-01-29T13:26:40+00:00\",\"dateModified\":\"2018-07-06T13:40:22+00:00\",\"description\":\"Une visite guid\u00e9e g\u00e9n\u00e9raliste sur les nouvelles architectures de Marseille, ville laboratoire M\u00e9diterran\u00e9enne: D\u00e9couvrez le projet Eurom\u00e9diterran\u00e9e : le plus grand projet de r\u00e9novation urbaine en Europe. Norman Foster, Jean Nouvel, Rudy Ricciotti, MuCEM, Frac, Docks, tour CMA-CGM, tour Panorama, etc...\",\"breadcrumb\":{\"@id\":\"https:\/\/visitedemarseille.com\/visite\/architecture-euromediterranee\/#breadcrumb\"},\"inLanguage\":\"fr-FR\",\"potentialAction\":[{\"@type\":\"ReadAction\",\"target\":[\"https:\/\/visitedemarseille.com\/visite\/architecture-euromediterranee\/\"]}]},{\"@type\":\"ImageObject\",\"inLanguage\":\"fr-FR\",\"@id\":\"https:\/\/visitedemarseille.com\/visite\/architecture-euromediterranee\/#primaryimage\",\"url\":\"http:\/\/visitedemarseille.com\/visite\/wp-content\/uploads\/2018\/03\/IMG_20180320_134557_201.jpg\",\"contentUrl\":\"http:\/\/visitedemarseille.com\/visite\/wp-content\/uploads\/2018\/03\/IMG_20180320_134557_201.jpg\"},{\"@type\":\"BreadcrumbList\",\"@id\":\"https:\/\/visitedemarseille.com\/visite\/architecture-euromediterranee\/#breadcrumb\",\"itemListElement\":[{\"@type\":\"ListItem\",\"position\":1,\"name\":\"Accueil\",\"item\":\"https:\/\/visitedemarseille.com\/visite\/\"},{\"@type\":\"ListItem\",\"position\":2,\"name\":\"10- Eurom\u00e9diterran\u00e9e\"}]},{\"@type\":\"WebSite\",\"@id\":\"https:\/\/visitedemarseille.com\/visite\/#website\",\"url\":\"https:\/\/visitedemarseille.com\/visite\/\",\"name\":\"Visite de Marseille\",\"description\":\"visites scolaires|conf\u00e9rences Marseillaises| animations seniors\",\"publisher\":{\"@id\":\"https:\/\/visitedemarseille.com\/visite\/#organization\"},\"potentialAction\":[{\"@type\":\"SearchAction\",\"target\":{\"@type\":\"EntryPoint\",\"urlTemplate\":\"https:\/\/visitedemarseille.com\/visite\/?s={search_term_string}\"},\"query-input\":{\"@type\":\"PropertyValueSpecification\",\"valueRequired\":true,\"valueName\":\"search_term_string\"}}],\"inLanguage\":\"fr-FR\"},{\"@type\":\"Organization\",\"@id\":\"https:\/\/visitedemarseille.com\/visite\/#organization\",\"name\":\"Visite de Marseille\",\"url\":\"https:\/\/visitedemarseille.com\/visite\/\",\"logo\":{\"@type\":\"ImageObject\",\"inLanguage\":\"fr-FR\",\"@id\":\"https:\/\/visitedemarseille.com\/visite\/#\/schema\/logo\/image\/\",\"url\":\"https:\/\/visitedemarseille.com\/visite\/wp-content\/uploads\/2022\/10\/3.png\",\"contentUrl\":\"https:\/\/visitedemarseille.com\/visite\/wp-content\/uploads\/2022\/10\/3.png\",\"width\":1200,\"height\":600,\"caption\":\"Visite de Marseille\"},\"image\":{\"@id\":\"https:\/\/visitedemarseille.com\/visite\/#\/schema\/logo\/image\/\"},\"sameAs\":[\"https:\/\/www.facebook.com\/Visitedemarseille\/\"]}]}<\/script>\n<!-- \/ Yoast SEO plugin. -->","yoast_head_json":{"title":"Visite guid\u00e9e : Eurom\u00e9diterran\u00e9e, laboratoire du futur - Avec Justine Coste","description":"Une visite guid\u00e9e g\u00e9n\u00e9raliste sur les nouvelles architectures de Marseille, ville laboratoire M\u00e9diterran\u00e9enne: D\u00e9couvrez le projet Eurom\u00e9diterran\u00e9e : le plus grand projet de r\u00e9novation urbaine en Europe. Norman Foster, Jean Nouvel, Rudy Ricciotti, MuCEM, Frac, Docks, tour CMA-CGM, tour Panorama, etc...","robots":{"index":"index","follow":"follow","max-snippet":"max-snippet:-1","max-image-preview":"max-image-preview:large","max-video-preview":"max-video-preview:-1"},"canonical":"https:\/\/visitedemarseille.com\/visite\/architecture-euromediterranee\/","og_locale":"fr_FR","og_type":"article","og_title":"Visite guid\u00e9e : Eurom\u00e9diterran\u00e9e, laboratoire du futur - Avec Justine Coste","og_description":"Une visite guid\u00e9e g\u00e9n\u00e9raliste sur les nouvelles architectures de Marseille, ville laboratoire M\u00e9diterran\u00e9enne: D\u00e9couvrez le projet Eurom\u00e9diterran\u00e9e : le plus grand projet de r\u00e9novation urbaine en Europe. Norman Foster, Jean Nouvel, Rudy Ricciotti, MuCEM, Frac, Docks, tour CMA-CGM, tour Panorama, etc...","og_url":"https:\/\/visitedemarseille.com\/visite\/architecture-euromediterranee\/","og_site_name":"Visite de Marseille","article_publisher":"https:\/\/www.facebook.com\/Visitedemarseille\/","article_modified_time":"2018-07-06T13:40:22+00:00","og_image":[{"url":"http:\/\/visitedemarseille.com\/visite\/wp-content\/uploads\/2018\/03\/IMG_20180320_134557_201.jpg","type":"","width":"","height":""}],"twitter_card":"summary_large_image","twitter_misc":{"Dur\u00e9e de lecture estim\u00e9e":"3 minutes"},"schema":{"@context":"https:\/\/schema.org","@graph":[{"@type":"WebPage","@id":"https:\/\/visitedemarseille.com\/visite\/architecture-euromediterranee\/","url":"https:\/\/visitedemarseille.com\/visite\/architecture-euromediterranee\/","name":"Visite guid\u00e9e : Eurom\u00e9diterran\u00e9e, laboratoire du futur - Avec Justine Coste","isPartOf":{"@id":"https:\/\/visitedemarseille.com\/visite\/#website"},"primaryImageOfPage":{"@id":"https:\/\/visitedemarseille.com\/visite\/architecture-euromediterranee\/#primaryimage"},"image":{"@id":"https:\/\/visitedemarseille.com\/visite\/architecture-euromediterranee\/#primaryimage"},"thumbnailUrl":"http:\/\/visitedemarseille.com\/visite\/wp-content\/uploads\/2018\/03\/IMG_20180320_134557_201.jpg","datePublished":"2018-01-29T13:26:40+00:00","dateModified":"2018-07-06T13:40:22+00:00","description":"Une visite guid\u00e9e g\u00e9n\u00e9raliste sur les nouvelles architectures de Marseille, ville laboratoire M\u00e9diterran\u00e9enne: D\u00e9couvrez le projet Eurom\u00e9diterran\u00e9e : le plus grand projet de r\u00e9novation urbaine en Europe. Norman Foster, Jean Nouvel, Rudy Ricciotti, MuCEM, Frac, Docks, tour CMA-CGM, tour Panorama, etc...","breadcrumb":{"@id":"https:\/\/visitedemarseille.com\/visite\/architecture-euromediterranee\/#breadcrumb"},"inLanguage":"fr-FR","potentialAction":[{"@type":"ReadAction","target":["https:\/\/visitedemarseille.com\/visite\/architecture-euromediterranee\/"]}]},{"@type":"ImageObject","inLanguage":"fr-FR","@id":"https:\/\/visitedemarseille.com\/visite\/architecture-euromediterranee\/#primaryimage","url":"http:\/\/visitedemarseille.com\/visite\/wp-content\/uploads\/2018\/03\/IMG_20180320_134557_201.jpg","contentUrl":"http:\/\/visitedemarseille.com\/visite\/wp-content\/uploads\/2018\/03\/IMG_20180320_134557_201.jpg"},{"@type":"BreadcrumbList","@id":"https:\/\/visitedemarseille.com\/visite\/architecture-euromediterranee\/#breadcrumb","itemListElement":[{"@type":"ListItem","position":1,"name":"Accueil","item":"https:\/\/visitedemarseille.com\/visite\/"},{"@type":"ListItem","position":2,"name":"10- Eurom\u00e9diterran\u00e9e"}]},{"@type":"WebSite","@id":"https:\/\/visitedemarseille.com\/visite\/#website","url":"https:\/\/visitedemarseille.com\/visite\/","name":"Visite de Marseille","description":"visites scolaires|conf\u00e9rences Marseillaises| animations seniors","publisher":{"@id":"https:\/\/visitedemarseille.com\/visite\/#organization"},"potentialAction":[{"@type":"SearchAction","target":{"@type":"EntryPoint","urlTemplate":"https:\/\/visitedemarseille.com\/visite\/?s={search_term_string}"},"query-input":{"@type":"PropertyValueSpecification","valueRequired":true,"valueName":"search_term_string"}}],"inLanguage":"fr-FR"},{"@type":"Organization","@id":"https:\/\/visitedemarseille.com\/visite\/#organization","name":"Visite de Marseille","url":"https:\/\/visitedemarseille.com\/visite\/","logo":{"@type":"ImageObject","inLanguage":"fr-FR","@id":"https:\/\/visitedemarseille.com\/visite\/#\/schema\/logo\/image\/","url":"https:\/\/visitedemarseille.com\/visite\/wp-content\/uploads\/2022\/10\/3.png","contentUrl":"https:\/\/visitedemarseille.com\/visite\/wp-content\/uploads\/2022\/10\/3.png","width":1200,"height":600,"caption":"Visite de Marseille"},"image":{"@id":"https:\/\/visitedemarseille.com\/visite\/#\/schema\/logo\/image\/"},"sameAs":["https:\/\/www.facebook.com\/Visitedemarseille\/"]}]}},"_links":{"self":[{"href":"https:\/\/visitedemarseille.com\/visite\/wp-json\/wp\/v2\/pages\/3652","targetHints":{"allow":["GET"]}}],"collection":[{"href":"https:\/\/visitedemarseille.com\/visite\/wp-json\/wp\/v2\/pages"}],"about":[{"href":"https:\/\/visitedemarseille.com\/visite\/wp-json\/wp\/v2\/types\/page"}],"author":[{"embeddable":true,"href":"https:\/\/visitedemarseille.com\/visite\/wp-json\/wp\/v2\/users\/1"}],"replies":[{"embeddable":true,"href":"https:\/\/visitedemarseille.com\/visite\/wp-json\/wp\/v2\/comments?post=3652"}],"version-history":[{"count":22,"href":"https:\/\/visitedemarseille.com\/visite\/wp-json\/wp\/v2\/pages\/3652\/revisions"}],"predecessor-version":[{"id":5352,"href":"https:\/\/visitedemarseille.com\/visite\/wp-json\/wp\/v2\/pages\/3652\/revisions\/5352"}],"wp:attachment":[{"href":"https:\/\/visitedemarseille.com\/visite\/wp-json\/wp\/v2\/media?parent=3652"}],"curies":[{"name":"wp","href":"https:\/\/api.w.org\/{rel}","templated":true}]}}