{"id":3700,"date":"2018-02-05T13:11:14","date_gmt":"2018-02-05T12:11:14","guid":{"rendered":"http:\/\/visitedemarseille.com\/visite\/?page_id=3700"},"modified":"2018-07-02T14:07:18","modified_gmt":"2018-07-02T12:07:18","slug":"marches-street-food","status":"publish","type":"page","link":"https:\/\/visitedemarseille.com\/visite\/marches-street-food\/","title":{"rendered":"20- Marseille street food et march\u00e9s"},"content":{"rendered":"<h1 class=\"fw-special-title\">Marseille street food et march\u00e9s<\/h1>\n<p> Entrez dans la cuisine des Marseillais du monde entier<\/p>\n<h2>Une visite guid\u00e9e inattendue<\/h2>\n<p>Le visiteur sera d\u00e9\u00e7u s&rsquo;il esp\u00e8re d\u00e9couvrir \u00e0 Marseille les march\u00e9s proven\u00e7aux qui ont fait la renomm\u00e9e du Sud de la France. Non. Ici, c&rsquo;est le monde et comme tel, ne vous attendez \u00e0 rien. Mais pr\u00e9parez-vous \u00e0 tout.<\/p>\n<h2>Epices, pains du monde, sandwiches orientaux<\/h2>\n<p>Au d\u00e9part du march\u00e9 au poisson, nous irons fl\u00e2ner dans le ventre de Marseille, vers le march\u00e9 des Capucins. \u00c9pices, pains du monde, sandwiches orientaux nous attendent.<\/p>\n<h2>Saveurs d&rsquo;arm\u00e9nie, brousse du Rove, canestrellis, chantilly&#8230;<\/h2>\n<p>D&rsquo;un coup de tramway nous changerons de quartier, pour nous diriger vers un coin de Marseille o\u00f9 d&rsquo;autres traditions, corses, arm\u00e9niennes, raviront nos estomacs. Pour les tr\u00e8s tr\u00e8s gourmands, un passage au Royaume de la Chantilly sera leur r\u00e9compense!<\/p>\n<p>Bon app\u00e9tit!<\/p>\n<p> <a href=\"http:\/\/visitedemarseille.com\/visite\/contact\/\" target=\"_self\" class=\"fw-btn tf-sh-de94002d68750187aa61948e02310d66 fw-btn-md fw-btn-side-by-side fw-btn-4\" style=\"\"><br \/>\n R\u00e9servez votre visite<br \/>\n <\/a><\/p>\n<h4>Dur\u00e9e<\/h4>\n<p>Environ 3h00.<\/p>\n<h4>Tarifs<\/h4>\n<p>A partir de 150 EUR (en basse saison, selon le nombre de personnes, individuels ou groupes, etc.)<\/p>\n<p>Les prix sont nets (la TVA n\u2019est pas applicable). Ils n\u2019incluent pas\u00a0 les d\u00e9gustations ou d\u00e9jeuners, les transports ou autres prestations qui pourraient \u00eatre attenantes \u00e0 la visite.<\/p>\n<h4>En circuit<\/h4>\n<p>Si vous avez 1 jour: continuez la d\u00e9couverte de la Ville avec le Palais Longchamps, vous \u00eates \u00e0 2 pas! Puis redescendez \u00e0 pied vers la <a href=\"http:\/\/visitedemarseille.com\/visite\/la-canebiere\/\" target=\"_blank\" rel=\"noopener\">Canebi\u00e8re<\/a>.<\/p>\n<p>Si vous avez 2 jours: Une promenade en bord de mer vous fera le plus grand bien. Direction <a href=\"http:\/\/visitedemarseille.com\/visite\/marseille-pecheurs-corniche\/\" target=\"_blank\" rel=\"noopener\">la Corniche<\/a> et ses criques escarp\u00e9es!<\/p>\n<h4>Public<\/h4>\n<p>ParticuliersPetits Groupes<\/p>\n<h4>Les bonnes adresses<\/h4>\n<p><a href=\"https:\/\/www.marseille-centre.fr\/index.php\/boutiques\/services\/82-boutiques\/5158-saladin-epices-du-monde\" target=\"_blank\" rel=\"noopener\">Chez Saladin<\/a>: \u00ab\u00a0quelques\u00a0\u00bb \u00e9pices vous attendent. D\u00e9paysement garanti pour les yeux.<\/p>\n<p><a href=\"https:\/\/www.batailletraiteur.com\/\" target=\"_blank\" rel=\"noopener\">Bataille<\/a>: Restons classique.<\/p>\n<p><a href=\"http:\/\/www.royaume-chantilly.com\/adresses.html\" target=\"_blank\" rel=\"noopener\">Le Royaume de la Chantilly<\/a>: D&rsquo;abord, commencez par go\u00fbter la Chantilly. Ensuite, on rediscute!<\/p>\n<p> <a class=\"fw-block-image-child fw-ratio-4-3 fw-ratio-container\" href=\"\/\/visitedemarseille.com\/visite\/wp-content\/uploads\/2018\/04\/vieux-port.jpg\" data-rel=\"prettyPhoto\" rel=\"prettyPhoto\"><br \/>\n <img decoding=\"async\" src=\"http:\/\/visitedemarseille.com\/visite\/wp-content\/uploads\/2018\/04\/vieux-port.jpg\" alt=\"La p\u00eache du jour \u00e0 Marseille\" data-maxdpr=\"1.7\" width=\"300\" class=\"lazyload\" \/> <\/a><br \/>\n <a class=\"fw-block-image-child fw-ratio-3-2 fw-ratio-container\" href=\"\/\/visitedemarseille.com\/visite\/wp-content\/uploads\/2018\/04\/Brousse_du_Rove.jpg\" data-rel=\"prettyPhoto\" rel=\"prettyPhoto\"><br \/>\n <img decoding=\"async\" src=\"http:\/\/visitedemarseille.com\/visite\/wp-content\/uploads\/2018\/04\/Brousse_du_Rove.jpg\" alt=\"brousse\" data-maxdpr=\"1.7\" width=\"300\" class=\"lazyload\" \/> <\/a><br \/>\n <a class=\"fw-block-image-child fw-ratio-3-2 fw-ratio-container\" href=\"\/\/visitedemarseille.com\/visite\/wp-content\/uploads\/2018\/04\/sebastopol1.jpg\" data-rel=\"prettyPhoto\" rel=\"prettyPhoto\"><br \/>\n <img decoding=\"async\" src=\"http:\/\/visitedemarseille.com\/visite\/wp-content\/uploads\/2018\/04\/sebastopol1.jpg\" alt=\"le Royaume de la Chantilly miam miam\" data-maxdpr=\"1.7\" width=\"300\" class=\"lazyload\" \/> <\/a><br \/>\n <img decoding=\"async\" src=\"http:\/\/visitedemarseille.com\/visite\/wp-content\/uploads\/2017\/11\/11.png\" alt=\"Comment r\u00e9server votre visite de Marseille ?\" data-maxdpr=\"1.7\" width=\"950\" class=\"lazyload\" \/><br \/>\n <a href=\"http:\/\/visitedemarseille.com\/visite\/contact\/\" target=\"_self\" class=\"fw-btn tf-sh-b5955affafac774042ce86cec1f8c086 fw-btn-md fw-btn-4\" style=\"\"><br \/>\n > R\u00e9servez votre visite<br \/>\n <\/a><\/p>\n<p style=\"text-align: center;\">Retour vers le<a href=\"http:\/\/visitedemarseille.com\/visite\/nosvisites\/\">\u00a0catalogue des visites<\/a>\u00a0ou vers la\u00a0<a href=\"http:\/\/visitedemarseille.com\/visite\/\">page d&rsquo;accueil<\/a><\/p>\n<p><!-- efcc64e6d6f5571281d15fbedd9bda22 --><\/p>\n","protected":false},"excerpt":{"rendered":"<p>Marseille street food et march\u00e9s Entrez dans la cuisine des Marseillais du monde entier Une visite guid\u00e9e inattendue Le visiteur sera d\u00e9\u00e7u s&rsquo;il esp\u00e8re d\u00e9couvrir \u00e0 Marseille les march\u00e9s proven\u00e7aux qui ont fait la renomm\u00e9e du Sud de la France. Non. Ici, c&rsquo;est le monde et comme tel, ne vous attendez \u00e0 rien. Mais pr\u00e9parez-vous [&hellip;]<\/p>\n","protected":false},"author":1,"featured_media":0,"parent":0,"menu_order":0,"comment_status":"closed","ping_status":"closed","template":"visual-builder-template.php","meta":{"_themeisle_gutenberg_block_has_review":false,"footnotes":""},"class_list":["post-3700","page","type-page","status-publish","hentry"],"yoast_head":"<!-- This site is optimized with the Yoast SEO plugin v24.3 - https:\/\/yoast.com\/wordpress\/plugins\/seo\/ -->\n<title>visite guid\u00e9e dans la cuisine des Marseillais : March\u00e9s et street food<\/title>\n<meta name=\"description\" content=\"D\u00e9couvrez lors d&#039;une visite guid\u00e9e les diff\u00e9rents march\u00e9s de la ville, et les saveurs du monde entier. Que l&#039;on retrouve dans l&#039;assiette des Marseillais!\" \/>\n<meta name=\"robots\" content=\"index, follow, max-snippet:-1, max-image-preview:large, max-video-preview:-1\" \/>\n<link rel=\"canonical\" href=\"https:\/\/visitedemarseille.com\/visite\/marches-street-food\/\" \/>\n<meta property=\"og:locale\" content=\"fr_FR\" \/>\n<meta property=\"og:type\" content=\"article\" \/>\n<meta property=\"og:title\" content=\"visite guid\u00e9e dans la cuisine des Marseillais : March\u00e9s et street food\" \/>\n<meta property=\"og:description\" content=\"D\u00e9couvrez lors d&#039;une visite guid\u00e9e les diff\u00e9rents march\u00e9s de la ville, et les saveurs du monde entier. Que l&#039;on retrouve dans l&#039;assiette des Marseillais!\" \/>\n<meta property=\"og:url\" content=\"https:\/\/visitedemarseille.com\/visite\/marches-street-food\/\" \/>\n<meta property=\"og:site_name\" content=\"Visite de Marseille\" \/>\n<meta property=\"article:publisher\" content=\"https:\/\/www.facebook.com\/Visitedemarseille\/\" \/>\n<meta property=\"article:modified_time\" content=\"2018-07-02T12:07:18+00:00\" \/>\n<meta property=\"og:image\" content=\"http:\/\/visitedemarseille.com\/visite\/wp-content\/uploads\/2018\/04\/vieux-port.jpg\" \/>\n<meta name=\"twitter:card\" content=\"summary_large_image\" \/>\n<meta name=\"twitter:label1\" content=\"Dur\u00e9e de lecture estim\u00e9e\" \/>\n\t<meta name=\"twitter:data1\" content=\"2 minutes\" \/>\n<script type=\"application\/ld+json\" class=\"yoast-schema-graph\">{\"@context\":\"https:\/\/schema.org\",\"@graph\":[{\"@type\":\"WebPage\",\"@id\":\"https:\/\/visitedemarseille.com\/visite\/marches-street-food\/\",\"url\":\"https:\/\/visitedemarseille.com\/visite\/marches-street-food\/\",\"name\":\"visite guid\u00e9e dans la cuisine des Marseillais : March\u00e9s et street food\",\"isPartOf\":{\"@id\":\"https:\/\/visitedemarseille.com\/visite\/#website\"},\"primaryImageOfPage\":{\"@id\":\"https:\/\/visitedemarseille.com\/visite\/marches-street-food\/#primaryimage\"},\"image\":{\"@id\":\"https:\/\/visitedemarseille.com\/visite\/marches-street-food\/#primaryimage\"},\"thumbnailUrl\":\"http:\/\/visitedemarseille.com\/visite\/wp-content\/uploads\/2018\/04\/vieux-port.jpg\",\"datePublished\":\"2018-02-05T12:11:14+00:00\",\"dateModified\":\"2018-07-02T12:07:18+00:00\",\"description\":\"D\u00e9couvrez lors d'une visite guid\u00e9e les diff\u00e9rents march\u00e9s de la ville, et les saveurs du monde entier. Que l'on retrouve dans l'assiette des Marseillais!\",\"breadcrumb\":{\"@id\":\"https:\/\/visitedemarseille.com\/visite\/marches-street-food\/#breadcrumb\"},\"inLanguage\":\"fr-FR\",\"potentialAction\":[{\"@type\":\"ReadAction\",\"target\":[\"https:\/\/visitedemarseille.com\/visite\/marches-street-food\/\"]}]},{\"@type\":\"ImageObject\",\"inLanguage\":\"fr-FR\",\"@id\":\"https:\/\/visitedemarseille.com\/visite\/marches-street-food\/#primaryimage\",\"url\":\"http:\/\/visitedemarseille.com\/visite\/wp-content\/uploads\/2018\/04\/vieux-port.jpg\",\"contentUrl\":\"http:\/\/visitedemarseille.com\/visite\/wp-content\/uploads\/2018\/04\/vieux-port.jpg\"},{\"@type\":\"BreadcrumbList\",\"@id\":\"https:\/\/visitedemarseille.com\/visite\/marches-street-food\/#breadcrumb\",\"itemListElement\":[{\"@type\":\"ListItem\",\"position\":1,\"name\":\"Accueil\",\"item\":\"https:\/\/visitedemarseille.com\/visite\/\"},{\"@type\":\"ListItem\",\"position\":2,\"name\":\"20- Marseille street food et march\u00e9s\"}]},{\"@type\":\"WebSite\",\"@id\":\"https:\/\/visitedemarseille.com\/visite\/#website\",\"url\":\"https:\/\/visitedemarseille.com\/visite\/\",\"name\":\"Visite de Marseille\",\"description\":\"visites scolaires|conf\u00e9rences Marseillaises| animations seniors\",\"publisher\":{\"@id\":\"https:\/\/visitedemarseille.com\/visite\/#organization\"},\"potentialAction\":[{\"@type\":\"SearchAction\",\"target\":{\"@type\":\"EntryPoint\",\"urlTemplate\":\"https:\/\/visitedemarseille.com\/visite\/?s={search_term_string}\"},\"query-input\":{\"@type\":\"PropertyValueSpecification\",\"valueRequired\":true,\"valueName\":\"search_term_string\"}}],\"inLanguage\":\"fr-FR\"},{\"@type\":\"Organization\",\"@id\":\"https:\/\/visitedemarseille.com\/visite\/#organization\",\"name\":\"Visite de Marseille\",\"url\":\"https:\/\/visitedemarseille.com\/visite\/\",\"logo\":{\"@type\":\"ImageObject\",\"inLanguage\":\"fr-FR\",\"@id\":\"https:\/\/visitedemarseille.com\/visite\/#\/schema\/logo\/image\/\",\"url\":\"https:\/\/visitedemarseille.com\/visite\/wp-content\/uploads\/2022\/10\/3.png\",\"contentUrl\":\"https:\/\/visitedemarseille.com\/visite\/wp-content\/uploads\/2022\/10\/3.png\",\"width\":1200,\"height\":600,\"caption\":\"Visite de Marseille\"},\"image\":{\"@id\":\"https:\/\/visitedemarseille.com\/visite\/#\/schema\/logo\/image\/\"},\"sameAs\":[\"https:\/\/www.facebook.com\/Visitedemarseille\/\"]}]}<\/script>\n<!-- \/ Yoast SEO plugin. -->","yoast_head_json":{"title":"visite guid\u00e9e dans la cuisine des Marseillais : March\u00e9s et street food","description":"D\u00e9couvrez lors d'une visite guid\u00e9e les diff\u00e9rents march\u00e9s de la ville, et les saveurs du monde entier. Que l'on retrouve dans l'assiette des Marseillais!","robots":{"index":"index","follow":"follow","max-snippet":"max-snippet:-1","max-image-preview":"max-image-preview:large","max-video-preview":"max-video-preview:-1"},"canonical":"https:\/\/visitedemarseille.com\/visite\/marches-street-food\/","og_locale":"fr_FR","og_type":"article","og_title":"visite guid\u00e9e dans la cuisine des Marseillais : March\u00e9s et street food","og_description":"D\u00e9couvrez lors d'une visite guid\u00e9e les diff\u00e9rents march\u00e9s de la ville, et les saveurs du monde entier. Que l'on retrouve dans l'assiette des Marseillais!","og_url":"https:\/\/visitedemarseille.com\/visite\/marches-street-food\/","og_site_name":"Visite de Marseille","article_publisher":"https:\/\/www.facebook.com\/Visitedemarseille\/","article_modified_time":"2018-07-02T12:07:18+00:00","og_image":[{"url":"http:\/\/visitedemarseille.com\/visite\/wp-content\/uploads\/2018\/04\/vieux-port.jpg","type":"","width":"","height":""}],"twitter_card":"summary_large_image","twitter_misc":{"Dur\u00e9e de lecture estim\u00e9e":"2 minutes"},"schema":{"@context":"https:\/\/schema.org","@graph":[{"@type":"WebPage","@id":"https:\/\/visitedemarseille.com\/visite\/marches-street-food\/","url":"https:\/\/visitedemarseille.com\/visite\/marches-street-food\/","name":"visite guid\u00e9e dans la cuisine des Marseillais : March\u00e9s et street food","isPartOf":{"@id":"https:\/\/visitedemarseille.com\/visite\/#website"},"primaryImageOfPage":{"@id":"https:\/\/visitedemarseille.com\/visite\/marches-street-food\/#primaryimage"},"image":{"@id":"https:\/\/visitedemarseille.com\/visite\/marches-street-food\/#primaryimage"},"thumbnailUrl":"http:\/\/visitedemarseille.com\/visite\/wp-content\/uploads\/2018\/04\/vieux-port.jpg","datePublished":"2018-02-05T12:11:14+00:00","dateModified":"2018-07-02T12:07:18+00:00","description":"D\u00e9couvrez lors d'une visite guid\u00e9e les diff\u00e9rents march\u00e9s de la ville, et les saveurs du monde entier. Que l'on retrouve dans l'assiette des Marseillais!","breadcrumb":{"@id":"https:\/\/visitedemarseille.com\/visite\/marches-street-food\/#breadcrumb"},"inLanguage":"fr-FR","potentialAction":[{"@type":"ReadAction","target":["https:\/\/visitedemarseille.com\/visite\/marches-street-food\/"]}]},{"@type":"ImageObject","inLanguage":"fr-FR","@id":"https:\/\/visitedemarseille.com\/visite\/marches-street-food\/#primaryimage","url":"http:\/\/visitedemarseille.com\/visite\/wp-content\/uploads\/2018\/04\/vieux-port.jpg","contentUrl":"http:\/\/visitedemarseille.com\/visite\/wp-content\/uploads\/2018\/04\/vieux-port.jpg"},{"@type":"BreadcrumbList","@id":"https:\/\/visitedemarseille.com\/visite\/marches-street-food\/#breadcrumb","itemListElement":[{"@type":"ListItem","position":1,"name":"Accueil","item":"https:\/\/visitedemarseille.com\/visite\/"},{"@type":"ListItem","position":2,"name":"20- Marseille street food et march\u00e9s"}]},{"@type":"WebSite","@id":"https:\/\/visitedemarseille.com\/visite\/#website","url":"https:\/\/visitedemarseille.com\/visite\/","name":"Visite de Marseille","description":"visites scolaires|conf\u00e9rences Marseillaises| animations seniors","publisher":{"@id":"https:\/\/visitedemarseille.com\/visite\/#organization"},"potentialAction":[{"@type":"SearchAction","target":{"@type":"EntryPoint","urlTemplate":"https:\/\/visitedemarseille.com\/visite\/?s={search_term_string}"},"query-input":{"@type":"PropertyValueSpecification","valueRequired":true,"valueName":"search_term_string"}}],"inLanguage":"fr-FR"},{"@type":"Organization","@id":"https:\/\/visitedemarseille.com\/visite\/#organization","name":"Visite de Marseille","url":"https:\/\/visitedemarseille.com\/visite\/","logo":{"@type":"ImageObject","inLanguage":"fr-FR","@id":"https:\/\/visitedemarseille.com\/visite\/#\/schema\/logo\/image\/","url":"https:\/\/visitedemarseille.com\/visite\/wp-content\/uploads\/2022\/10\/3.png","contentUrl":"https:\/\/visitedemarseille.com\/visite\/wp-content\/uploads\/2022\/10\/3.png","width":1200,"height":600,"caption":"Visite de Marseille"},"image":{"@id":"https:\/\/visitedemarseille.com\/visite\/#\/schema\/logo\/image\/"},"sameAs":["https:\/\/www.facebook.com\/Visitedemarseille\/"]}]}},"_links":{"self":[{"href":"https:\/\/visitedemarseille.com\/visite\/wp-json\/wp\/v2\/pages\/3700","targetHints":{"allow":["GET"]}}],"collection":[{"href":"https:\/\/visitedemarseille.com\/visite\/wp-json\/wp\/v2\/pages"}],"about":[{"href":"https:\/\/visitedemarseille.com\/visite\/wp-json\/wp\/v2\/types\/page"}],"author":[{"embeddable":true,"href":"https:\/\/visitedemarseille.com\/visite\/wp-json\/wp\/v2\/users\/1"}],"replies":[{"embeddable":true,"href":"https:\/\/visitedemarseille.com\/visite\/wp-json\/wp\/v2\/comments?post=3700"}],"version-history":[{"count":6,"href":"https:\/\/visitedemarseille.com\/visite\/wp-json\/wp\/v2\/pages\/3700\/revisions"}],"predecessor-version":[{"id":5139,"href":"https:\/\/visitedemarseille.com\/visite\/wp-json\/wp\/v2\/pages\/3700\/revisions\/5139"}],"wp:attachment":[{"href":"https:\/\/visitedemarseille.com\/visite\/wp-json\/wp\/v2\/media?parent=3700"}],"curies":[{"name":"wp","href":"https:\/\/api.w.org\/{rel}","templated":true}]}}